{"id":2077,"date":"2015-11-10T08:42:18","date_gmt":"2015-11-10T07:42:18","guid":{"rendered":"https:\/\/www.abbaconaturalfood.com\/avis-legal\/"},"modified":"2025-06-06T12:01:47","modified_gmt":"2025-06-06T11:01:47","slug":"avis-legal","status":"publish","type":"page","link":"https:\/\/www.abbaconaturalfood.com\/ca\/avis-legal\/","title":{"rendered":"av\u00eds legal"},"content":{"rendered":"\t\t<div data-elementor-type=\"wp-page\" data-elementor-id=\"2077\" class=\"elementor elementor-2077 elementor-506\" data-elementor-post-type=\"page\">\n\t\t\t\t<div class=\"elementor-element elementor-element-54fd44d e-flex e-con-boxed e-con e-parent\" data-id=\"54fd44d\" data-element_type=\"container\" data-e-type=\"container\">\n\t\t\t\t\t<div class=\"e-con-inner\">\n\t\t\t\t<div class=\"elementor-element elementor-element-a005d06 elementor-widget elementor-widget-heading\" data-id=\"a005d06\" data-element_type=\"widget\" data-e-type=\"widget\" data-widget_type=\"heading.default\">\n\t\t\t\t<div class=\"elementor-widget-container\">\n\t\t\t\t\t<h1 class=\"elementor-heading-title elementor-size-default\">Av\u00eds legal i pol\u00edtica de responsabilitat<\/h1>\t\t\t\t<\/div>\n\t\t\t\t<\/div>\n\t\t\t\t\t<\/div>\n\t\t\t\t<\/div>\n\t\t<div class=\"elementor-element elementor-element-27fb5679 e-flex e-con-boxed e-con e-parent\" data-id=\"27fb5679\" data-element_type=\"container\" data-e-type=\"container\">\n\t\t\t\t\t<div class=\"e-con-inner\">\n\t\t\t\t<div class=\"elementor-element elementor-element-5656f8fa elementor-widget elementor-widget-text-editor\" data-id=\"5656f8fa\" data-element_type=\"widget\" data-e-type=\"widget\" data-widget_type=\"text-editor.default\">\n\t\t\t\t<div class=\"elementor-widget-container\">\n\t\t\t\t\t\t\t\t\t<p><span style=\"text-decoration: underline;\">Informaci\u00f3 sobre continguts<\/span><\/p><p>La informaci\u00f3 que oferim en aquesta web es basa en les dades proporcionades per Miguelangelo RAC &amp; Group SL No podem garantir l'exactitud o la integritat d'aquesta informaci\u00f3; poden existir errors o omissions. Els preus indicats no inclouen despeses addicionals com a notaria, registre, gestoria o canvi de titularitat. D'acord amb la normativa espanyola, els honoraris d'ag\u00e8ncia, si n'hi hagu\u00e9s, s\u00f3n a c\u00e0rrec del venedor.  <\/p><p><span style=\"text-decoration: underline;\">Contingut en l\u00ednia<\/span><\/p><p>Miguelangelo RAC &amp; Group SL (CIF B-07.881.170), amb seu a Puerto Pollen\u00e7a, no assumeix cap responsabilitat respecte a l \u201cactualitat, exactitud, integritat o qualitat dels continguts publicats en aquesta web. S\u201d exclou qualsevol responsabilitat per danys materials o immaterials derivats de l \u201c\u00fas o no \u00fas de la informaci\u00f3 oferta, llevat de casos de neglig\u00e8ncia greu o intencional per part de l\u201d empresa. Totes les ofertes s\u00f3n no vinculants i estan subjectes a canvis sense av\u00eds previ.  <\/p><p><span style=\"text-decoration: underline;\">Enlla\u00e7os a llocs externs<\/span><\/p><p>Aquest lloc web pot contenir enlla\u00e7os a p\u00e0gines externes. No assumim responsabilitat pels continguts de les p\u00e0gines esmentades, ja que estan fora del nostre control. A l \u201chora de crear l\u201d enlla\u00e7, no es va detectar cap contingut il\u00b7legal a les p\u00e0gines vinculades. No obstant aix\u00f2, no supervisem de forma cont\u00ednua els llocs externs, per la qual cosa ens deslliguem expressament de qualsevol contingut modificat posteriorment. La responsabilitat per continguts il\u00b7legals, inexactes o incomplets recau exclusivament en el titular del lloc corresponent.    <\/p><p><span style=\"text-decoration: underline;\">Drets d'autor i marques<\/span><\/p><p>Tots els continguts d'aquest lloc web (textos, imatges, v\u00eddeos, \u00e0udios i elements gr\u00e0fics) estan protegits pels drets d'autor. En queda prohibida la reproducci\u00f3, distribuci\u00f3 o \u00fas comercial sense el consentiment previ per escrit de Miguelangelo RAC &amp; Group SL Es respecten els drets d'autor de tercers, i procurem utilitzar \u00fanicament continguts propis o lliures de drets. <\/p><p><span style=\"text-decoration: underline;\">Protecci\u00f3 de dades<\/span><\/p><p>L\u00b4\u00fas d\u00b4aquesta web \u00e9s possible sense necessitat de facilitar dades personals. Si se sol\u00b7liciten dades com noms, adreces o correus electr\u00f2nics, la vostra aportaci\u00f3 ser\u00e0 sempre volunt\u00e0ria. Les dades recollides es tractaran d \u201cacord amb la normativa vigent en mat\u00e8ria de protecci\u00f3 de dades i no se cediran a tercers sense previ consentiment. Es prohibeix expressament l\u00fas de les dades de contacte publicades en aquesta web per a la tramesa de publicitat no sol\u00b7licitada. Ens reservem el dret a emprendre accions legals en cas d\u201d enviament de correu brossa.    <\/p><p><span style=\"text-decoration: underline;\">Notes legals<\/span><\/p><p>Tots els drets sobre els textos, les imatges i els v\u00eddeos d'aquesta web pertanyen a Miguelangelo RAC &amp; Group SL i estan protegits per la legislaci\u00f3 vigent de propietat intel\u00b7lectual. El lloc ha estat elaborat amb la m\u00e0xima cura, per\u00f2 no es garanteix la total exactitud del contingut. No s\u00b4assumeix responsabilitat per danys directes o indirectes derivats de l\u00b4\u00fas d\u00b4aquesta web.  <\/p><p>L\u00b4\u00fas d\u00b4aquesta p\u00e0gina no estableix cap relaci\u00f3 contractual entre l\u00b4usuari i Miguelangelo RAC &amp; Group SL Ens reservem el dret a modificar els continguts, disseny o serveis de la web en qualsevol moment i sense previ av\u00eds.<\/p>\t\t\t\t\t\t\t\t<\/div>\n\t\t\t\t<\/div>\n\t\t\t\t\t<\/div>\n\t\t\t\t<\/div>\n\t\t\t\t<\/div>\n\t\t\n    <div class=\"xs_social_share_widget xs_share_url after_content \t\tmain_content  wslu-style-1 wslu-share-box-shaped wslu-fill-colored wslu-none wslu-share-horizontal wslu-theme-font-no wslu-main_content\">\n\n\t\t\n        <ul>\n\t\t\t        <\/ul>\n    <\/div> \n","protected":false},"excerpt":{"rendered":"<p>Av\u00eds legal i pol\u00edtica de responsabilitat Informaci\u00f3 sobre continguts La informaci\u00f3 que oferim en aquesta web es basa en les dades proporcionades per Miguelangelo RAC &amp; Group SL No podem garantir l'exactitud o la integritat d'aquesta informaci\u00f3; poden existir errors o omissions. Els preus indicats no inclouen despeses addicionals com a notaria, registre, gestoria o [&hellip;]<\/p>\n","protected":false},"author":2,"featured_media":0,"parent":0,"menu_order":0,"comment_status":"closed","ping_status":"closed","template":"elementor_header_footer","meta":{"footnotes":""},"class_list":["post-2077","page","type-page","status-publish","hentry"],"yoast_head":"<!-- This site is optimized with the Yoast SEO plugin v27.4 - https:\/\/yoast.com\/product\/yoast-seo-wordpress\/ -->\n<title>Av\u00eds Legal | ABBAC<\/title>\n<meta name=\"description\" content=\"Consulta l\u00b4av\u00eds legal d\u00b4AbbaCo Natural Food: informaci\u00f3 sobre condicions d\u00b4\u00fas, titularitat del lloc web i compliment normatiu.\" \/>\n<meta name=\"robots\" content=\"noindex, follow\" \/>\n<meta property=\"og:locale\" content=\"ca_ES\" \/>\n<meta property=\"og:type\" content=\"article\" \/>\n<meta property=\"og:title\" content=\"Av\u00eds Legal | ABBAC\" \/>\n<meta property=\"og:description\" content=\"Consulta l\u00b4av\u00eds legal d\u00b4AbbaCo Natural Food: informaci\u00f3 sobre condicions d\u00b4\u00fas, titularitat del lloc web i compliment normatiu.\" \/>\n<meta property=\"og:url\" content=\"https:\/\/www.abbaconaturalfood.com\/ca\/avis-legal\/\" \/>\n<meta property=\"og:site_name\" content=\"Abbac Natural Food &amp; Sushi\" \/>\n<meta property=\"article:publisher\" content=\"https:\/\/www.facebook.com\/abbacomfortfood\" \/>\n<meta property=\"article:modified_time\" content=\"2025-06-06T11:01:47+00:00\" \/>\n<meta name=\"twitter:card\" content=\"summary_large_image\" \/>\n<meta name=\"twitter:label1\" content=\"Temps estimat de lectura\" \/>\n\t<meta name=\"twitter:data1\" content=\"3 minuts\" \/>\n<script type=\"application\/ld+json\" class=\"yoast-schema-graph\">{\"@context\":\"https:\\\/\\\/schema.org\",\"@graph\":[{\"@type\":\"WebPage\",\"@id\":\"https:\\\/\\\/www.abbaconaturalfood.com\\\/ca\\\/avis-legal\\\/\",\"url\":\"https:\\\/\\\/www.abbaconaturalfood.com\\\/ca\\\/avis-legal\\\/\",\"name\":\"Av\u00eds Legal | ABBAC\",\"isPartOf\":{\"@id\":\"https:\\\/\\\/www.abbaconaturalfood.com\\\/ca\\\/#website\"},\"datePublished\":\"2015-11-10T07:42:18+00:00\",\"dateModified\":\"2025-06-06T11:01:47+00:00\",\"description\":\"Consulta l\u00b4av\u00eds legal d\u00b4AbbaCo Natural Food: informaci\u00f3 sobre condicions d\u00b4\u00fas, titularitat del lloc web i compliment normatiu.\",\"breadcrumb\":{\"@id\":\"https:\\\/\\\/www.abbaconaturalfood.com\\\/ca\\\/avis-legal\\\/#breadcrumb\"},\"inLanguage\":\"ca\",\"potentialAction\":[{\"@type\":\"ReadAction\",\"target\":[\"https:\\\/\\\/www.abbaconaturalfood.com\\\/ca\\\/avis-legal\\\/\"]}]},{\"@type\":\"BreadcrumbList\",\"@id\":\"https:\\\/\\\/www.abbaconaturalfood.com\\\/ca\\\/avis-legal\\\/#breadcrumb\",\"itemListElement\":[{\"@type\":\"ListItem\",\"position\":1,\"name\":\"Home\",\"item\":\"https:\\\/\\\/www.abbaconaturalfood.com\\\/ca\\\/\"},{\"@type\":\"ListItem\",\"position\":2,\"name\":\"av\u00eds legal\"}]},{\"@type\":\"WebSite\",\"@id\":\"https:\\\/\\\/www.abbaconaturalfood.com\\\/ca\\\/#website\",\"url\":\"https:\\\/\\\/www.abbaconaturalfood.com\\\/ca\\\/\",\"name\":\"Abbaco Natural Food & Sushi\",\"description\":\"Restaurant saludable amb fusi\u00f3 oriental davant del mar\",\"potentialAction\":[{\"@type\":\"SearchAction\",\"target\":{\"@type\":\"EntryPoint\",\"urlTemplate\":\"https:\\\/\\\/www.abbaconaturalfood.com\\\/ca\\\/?s={search_term_string}\"},\"query-input\":{\"@type\":\"PropertyValueSpecification\",\"valueRequired\":true,\"valueName\":\"search_term_string\"}}],\"inLanguage\":\"ca\"}]}<\/script>\n<!-- \/ Yoast SEO plugin. -->","yoast_head_json":{"title":"Av\u00eds Legal | ABBAC","description":"Consulta l\u00b4av\u00eds legal d\u00b4AbbaCo Natural Food: informaci\u00f3 sobre condicions d\u00b4\u00fas, titularitat del lloc web i compliment normatiu.","robots":{"index":"noindex","follow":"follow"},"og_locale":"ca_ES","og_type":"article","og_title":"Av\u00eds Legal | ABBAC","og_description":"Consulta l\u00b4av\u00eds legal d\u00b4AbbaCo Natural Food: informaci\u00f3 sobre condicions d\u00b4\u00fas, titularitat del lloc web i compliment normatiu.","og_url":"https:\/\/www.abbaconaturalfood.com\/ca\/avis-legal\/","og_site_name":"Abbac Natural Food &amp; Sushi","article_publisher":"https:\/\/www.facebook.com\/abbacomfortfood","article_modified_time":"2025-06-06T11:01:47+00:00","twitter_card":"summary_large_image","twitter_misc":{"Temps estimat de lectura":"3 minuts"},"schema":{"@context":"https:\/\/schema.org","@graph":[{"@type":"WebPage","@id":"https:\/\/www.abbaconaturalfood.com\/ca\/avis-legal\/","url":"https:\/\/www.abbaconaturalfood.com\/ca\/avis-legal\/","name":"Av\u00eds Legal | ABBAC","isPartOf":{"@id":"https:\/\/www.abbaconaturalfood.com\/ca\/#website"},"datePublished":"2015-11-10T07:42:18+00:00","dateModified":"2025-06-06T11:01:47+00:00","description":"Consulta l\u00b4av\u00eds legal d\u00b4AbbaCo Natural Food: informaci\u00f3 sobre condicions d\u00b4\u00fas, titularitat del lloc web i compliment normatiu.","breadcrumb":{"@id":"https:\/\/www.abbaconaturalfood.com\/ca\/avis-legal\/#breadcrumb"},"inLanguage":"ca","potentialAction":[{"@type":"ReadAction","target":["https:\/\/www.abbaconaturalfood.com\/ca\/avis-legal\/"]}]},{"@type":"BreadcrumbList","@id":"https:\/\/www.abbaconaturalfood.com\/ca\/avis-legal\/#breadcrumb","itemListElement":[{"@type":"ListItem","position":1,"name":"Home","item":"https:\/\/www.abbaconaturalfood.com\/ca\/"},{"@type":"ListItem","position":2,"name":"av\u00eds legal"}]},{"@type":"WebSite","@id":"https:\/\/www.abbaconaturalfood.com\/ca\/#website","url":"https:\/\/www.abbaconaturalfood.com\/ca\/","name":"Abbaco Natural Food & Sushi","description":"Restaurant saludable amb fusi\u00f3 oriental davant del mar","potentialAction":[{"@type":"SearchAction","target":{"@type":"EntryPoint","urlTemplate":"https:\/\/www.abbaconaturalfood.com\/ca\/?s={search_term_string}"},"query-input":{"@type":"PropertyValueSpecification","valueRequired":true,"valueName":"search_term_string"}}],"inLanguage":"ca"}]}},"_links":{"self":[{"href":"https:\/\/www.abbaconaturalfood.com\/ca\/wp-json\/wp\/v2\/pages\/2077","targetHints":{"allow":["GET"]}}],"collection":[{"href":"https:\/\/www.abbaconaturalfood.com\/ca\/wp-json\/wp\/v2\/pages"}],"about":[{"href":"https:\/\/www.abbaconaturalfood.com\/ca\/wp-json\/wp\/v2\/types\/page"}],"author":[{"embeddable":true,"href":"https:\/\/www.abbaconaturalfood.com\/ca\/wp-json\/wp\/v2\/users\/2"}],"replies":[{"embeddable":true,"href":"https:\/\/www.abbaconaturalfood.com\/ca\/wp-json\/wp\/v2\/comments?post=2077"}],"version-history":[{"count":0,"href":"https:\/\/www.abbaconaturalfood.com\/ca\/wp-json\/wp\/v2\/pages\/2077\/revisions"}],"wp:attachment":[{"href":"https:\/\/www.abbaconaturalfood.com\/ca\/wp-json\/wp\/v2\/media?parent=2077"}],"curies":[{"name":"wp","href":"https:\/\/api.w.org\/{rel}","templated":true}]}}

avís legal

<div data-elementor-type="wp-page" data-elementor-id="2077" class="elementor elementor-2077 elementor-506" data-elementor-post-type="page">
				<div class="elementor-element elementor-element-54fd44d e-flex e-con-boxed e-con e-parent" data-id="54fd44d" data-element_type="container" data-e-type="container">
					<div class="e-con-inner">
				<div class="elementor-element elementor-element-a005d06 elementor-widget elementor-widget-heading" data-id="a005d06" data-element_type="widget" data-e-type="widget" data-widget_type="heading.default">
				<div class="elementor-widget-container">
					<h1 class="elementor-heading-title elementor-size-default">Avís legal i política de responsabilitat</h1>				</div>
				</div>
					</div>
				</div>
		<div class="elementor-element elementor-element-27fb5679 e-flex e-con-boxed e-con e-parent" data-id="27fb5679" data-element_type="container" data-e-type="container">
					<div class="e-con-inner">
				<div class="elementor-element elementor-element-5656f8fa elementor-widget elementor-widget-text-editor" data-id="5656f8fa" data-element_type="widget" data-e-type="widget" data-widget_type="text-editor.default">
				<div class="elementor-widget-container">
									<p><span style="text-decoration: underline;">Informació sobre continguts</span></p><p>La informació que oferim en aquesta web es basa en les dades proporcionades per Miguelangelo RAC &amp; Group SL No podem garantir l'exactitud o la integritat d'aquesta informació; poden existir errors o omissions. Els preus indicats no inclouen despeses addicionals com a notaria, registre, gestoria o canvi de titularitat. D'acord amb la normativa espanyola, els honoraris d'agència, si n'hi hagués, són a càrrec del venedor.  </p><p><span style="text-decoration: underline;">Contingut en línia</span></p><p>Miguelangelo RAC &amp; Group SL (CIF B-07.881.170), amb seu a Puerto Pollença, no assumeix cap responsabilitat respecte a l “actualitat, exactitud, integritat o qualitat dels continguts publicats en aquesta web. S” exclou qualsevol responsabilitat per danys materials o immaterials derivats de l “ús o no ús de la informació oferta, llevat de casos de negligència greu o intencional per part de l” empresa. Totes les ofertes són no vinculants i estan subjectes a canvis sense avís previ.  </p><p><span style="text-decoration: underline;">Enllaços a llocs externs</span></p><p>Aquest lloc web pot contenir enllaços a pàgines externes. No assumim responsabilitat pels continguts de les pàgines esmentades, ja que estan fora del nostre control. A l “hora de crear l” enllaç, no es va detectar cap contingut il·legal a les pàgines vinculades. No obstant això, no supervisem de forma contínua els llocs externs, per la qual cosa ens deslliguem expressament de qualsevol contingut modificat posteriorment. La responsabilitat per continguts il·legals, inexactes o incomplets recau exclusivament en el titular del lloc corresponent.    </p><p><span style="text-decoration: underline;">Drets d'autor i marques</span></p><p>Tots els continguts d'aquest lloc web (textos, imatges, vídeos, àudios i elements gràfics) estan protegits pels drets d'autor. En queda prohibida la reproducció, distribució o ús comercial sense el consentiment previ per escrit de Miguelangelo RAC &amp; Group SL Es respecten els drets d'autor de tercers, i procurem utilitzar únicament continguts propis o lliures de drets. </p><p><span style="text-decoration: underline;">Protecció de dades</span></p><p>L´ús d´aquesta web és possible sense necessitat de facilitar dades personals. Si se sol·liciten dades com noms, adreces o correus electrònics, la vostra aportació serà sempre voluntària. Les dades recollides es tractaran d “acord amb la normativa vigent en matèria de protecció de dades i no se cediran a tercers sense previ consentiment. Es prohibeix expressament lús de les dades de contacte publicades en aquesta web per a la tramesa de publicitat no sol·licitada. Ens reservem el dret a emprendre accions legals en cas d” enviament de correu brossa.    </p><p><span style="text-decoration: underline;">Notes legals</span></p><p>Tots els drets sobre els textos, les imatges i els vídeos d'aquesta web pertanyen a Miguelangelo RAC &amp; Group SL i estan protegits per la legislació vigent de propietat intel·lectual. El lloc ha estat elaborat amb la màxima cura, però no es garanteix la total exactitud del contingut. No s´assumeix responsabilitat per danys directes o indirectes derivats de l´ús d´aquesta web.  </p><p>L´ús d´aquesta pàgina no estableix cap relació contractual entre l´usuari i Miguelangelo RAC &amp; Group SL Ens reservem el dret a modificar els continguts, disseny o serveis de la web en qualsevol moment i sense previ avís.</p>								</div>
				</div>
					</div>
				</div>
				</div>
		
    <div class="xs_social_share_widget xs_share_url after_content 		main_content  wslu-style-1 wslu-share-box-shaped wslu-fill-colored wslu-none wslu-share-horizontal wslu-theme-font-no wslu-main_content">

		
        <ul>
			        </ul>
    </div>

<p>Avís legal i política de responsabilitat Informació sobre continguts La informació que oferim en aquesta web es basa en les dades proporcionades per Miguelangelo RAC &amp; Group SL No podem garantir l'exactitud o la integritat d'aquesta informació; poden existir errors o omissions. Els preus indicats no inclouen despeses addicionals com a notaria, registre, gestoria o [&hellip;]</p>

<!-- This site is optimized with the Yoast SEO plugin v27.4 - https://yoast.com/product/yoast-seo-wordpress/ -->
<title>Avís Legal | ABBAC</title>
<meta name="description" content="Consulta l´avís legal d´AbbaCo Natural Food: informació sobre condicions d´ús, titularitat del lloc web i compliment normatiu." />
<meta name="robots" content="noindex, follow" />
<meta property="og:locale" content="ca_ES" />
<meta property="og:type" content="article" />
<meta property="og:title" content="Avís Legal | ABBAC" />
<meta property="og:description" content="Consulta l´avís legal d´AbbaCo Natural Food: informació sobre condicions d´ús, titularitat del lloc web i compliment normatiu." />
<meta property="og:url" content="https://www.abbaconaturalfood.com/ca/avis-legal/" />
<meta property="og:site_name" content="Abbac Natural Food &amp; Sushi" />
<meta property="article:publisher" content="https://www.facebook.com/abbacomfortfood" />
<meta property="article:modified_time" content="2025-06-06T11:01:47+00:00" />
<meta name="twitter:card" content="summary_large_image" />
<meta name="twitter:label1" content="Temps estimat de lectura" />
	<meta name="twitter:data1" content="3 minuts" />
<script type="application/ld+json" class="yoast-schema-graph">{"@context":"https:\/\/schema.org","@graph":[{"@type":"WebPage","@id":"https:\/\/www.abbaconaturalfood.com\/ca\/avis-legal\/","url":"https:\/\/www.abbaconaturalfood.com\/ca\/avis-legal\/","name":"Avís Legal | ABBAC","isPartOf":{"@id":"https:\/\/www.abbaconaturalfood.com\/ca\/#website"},"datePublished":"2015-11-10T07:42:18+00:00","dateModified":"2025-06-06T11:01:47+00:00","description":"Consulta l´avís legal d´AbbaCo Natural Food: informació sobre condicions d´ús, titularitat del lloc web i compliment normatiu.","breadcrumb":{"@id":"https:\/\/www.abbaconaturalfood.com\/ca\/avis-legal\/#breadcrumb"},"inLanguage":"ca","potentialAction":[{"@type":"ReadAction","target":["https:\/\/www.abbaconaturalfood.com\/ca\/avis-legal\/"]}]},{"@type":"BreadcrumbList","@id":"https:\/\/www.abbaconaturalfood.com\/ca\/avis-legal\/#breadcrumb","itemListElement":[{"@type":"ListItem","position":1,"name":"Home","item":"https:\/\/www.abbaconaturalfood.com\/ca\/"},{"@type":"ListItem","position":2,"name":"avís legal"}]},{"@type":"WebSite","@id":"https:\/\/www.abbaconaturalfood.com\/ca\/#website","url":"https:\/\/www.abbaconaturalfood.com\/ca\/","name":"Abbaco Natural Food & Sushi","description":"Restaurant saludable amb fusió oriental davant del mar","potentialAction":[{"@type":"SearchAction","target":{"@type":"EntryPoint","urlTemplate":"https:\/\/www.abbaconaturalfood.com\/ca\/?s={search_term_string}"},"query-input":{"@type":"PropertyValueSpecification","valueRequired":true,"valueName":"search_term_string"}}],"inLanguage":"ca"}]}</script>
<!-- / Yoast SEO plugin. -->

Avís Legal | ABBAC

Consulta l´avís legal d´AbbaCo Natural Food: informació sobre condicions d´ús, titularitat del lloc web i compliment normatiu.

Restaurant saludable amb fusió oriental davant del mar
